t*x - 6 + 27. Determine q(x).
-9
Let m be (-2)/(-11) - (-83)/((-2739)/72). Let g(a) = a**3 + 2*a**2 - 3*a - 3. Determine g(m).
3
Let p(h) be the first derivative of h**6/360 + h**5/24 + h**4/8 + 22*h**3/3 - 2*h + 90. Let t(j) be the third derivative of p(j). Let m = 7 - 11. Give t(m).
-1
Let y(d) = d - 23. Let o(b) = -32*b + 660. Let q(m) = -o(m) - 28*y(m). Let p = 71 - 58. Determine q(p).
36
Let v(j) = 3*j + 105. Let g(h) = -h**3 - 24*h**2 + 90*h + 207. Let y be g(-27). Give v(y).
-3
Suppose -10*i + 595 = -6*i - s, -3*s + 731 = 5*i. Let o = i - 140. Let y(d) = d**3 - 9*d**2 + 7*d + 7. Give y(o).
-1
Let r(m) = -49*m + 1379. Let v be r(28). Let g(c) = 4*c**2 - 29*c + 14. Give g(v).
7
Let v(m) = 2*m**3 - 67*m**2 - 69*m + 36. Let g(l) = l**3 - 37*l**2 - 34*l + 18. Let f(b) = -5*g(b) + 3*v(b). Give f(18).
0
Let u(a) = -42 + 167 + a - 120. Determine u(-21).
-16
Let x(u) = -11*u - 5. Let o(f) = -5*f - 2. Let y = -386 - -379. Let t(b) = y*o(b) + 3*x(b). Calculate t(7).
13
Let u(s) be the third derivative of s**5/60 + 5*s**4/6 - 127*s**3/6 + 717*s**2. Give u(-25).
-2
Let g(x) = -x**2 - x + 5. Let j be g(0). Let p(q) = -3*q**2 + 24*q - 29. Let r(w) = -2*w**2 + 16*w - 19. Let t = -1 + 9. Let m(s) = t*r(s) - 5*p(s). Give m(j).
8
Let h be 1/((-24)/480) - -23. Let w(y) = -2*y + 2. Let t(x) = -10*x + 9. Let j(u) = 2*t(u) - 11*w(u). What is j(h)?
2
Let j(s) = -s - 7. Let b = -197 - -234. Let u = -29 + b. Give j(u).
-15
Let v(o) = -2*o**2 + 172*o + 1108. Let r be v(-6). Let j(x) be the second derivative of 1/3*x**3 + 1/12*x**4 - r*x + 2*x**2 + 0. Give j(-4).
12
Let w(i) be the first derivative of -35*i**4/4 - 2*i**3/3 + i**2 - i - 13. Let d be -41 + 42 + -2 + 2. What is w(d)?
-36
Let l be ((-1)/2)/((-6)/12). Let f(w) be the first derivative of 5/3*w**3 + w + 12 - 1/2*w**2. Calculate f(l).
5
Let n be (3 - (20 - -1))*26/(-39). Let g(p) = -3*p. Give g(n).
-36
Let n be (7*153/(-238))/((-1)/(-2)) + -7. Let f(y) = -y**3 - 16*y**2 - 2*y + 9. Give f(n).
41
Let i = -26470 + 26467. Let l(g) = -g**3 - 4*g**2 - 4*g + 8. What is l(i)?
11
Let g be (-21)/(-6)*2 + 273. Let u = 266 - g. Let n(q) = q + 12. Give n(u).
-2
Let k(s) = -27*s**3 + 14*s**2 + 116*s + 24. Let o(d) = 7*d**3 - 4*d**2 - 30*d - 6. Let m(a) = 6*k(a) + 23*o(a). What is m(-9)?
33
Suppose -6*q + 3*q + 21 = 0. Let h = -5 + q. Let p(g) = -g**3 + 2*g**2 - 3*g + 3. Calculate p(h).
-3
Let x = -6760 + 20281/3. Let v(d) be the second derivative of -1/2*d**2 - 27*d - 1/12*d**4 - 1/20*d**5 + 0 + x*d**3. What is v(1)?
-1
Let b(g) be the first derivative of 1/3*g**3 - 51 + g - 5/2*g**2. Calculate b(6).
7
Let a(v) = -7*v - 4. Let r(g) = -2*g**2 + 8*g + 7. Let x be r(8). Let b = -60 - x. Let t(y) = 16*y + 7. Let d(n) = b*t(n) - 7*a(n). Calculate d(-7).
0
Let j(q) be the first derivative of -q**3/3 + 15*q**2/2 - 16*q + 6701. Give j(14).
-2
Let b(d) = -19 + 57 - d - 23 - 3*d - 21. Suppose 5 = k + 5*g, 0*k + 10 = 2*k + 3*g. Suppose -k*w = 3*j + 11, -j - 5*w - 4 = j. What is b(j)?
22
Let v(l) be the third derivative of -20 - 1/24*l**4 + 0*l**3 + 2*l**2 + 1/30*l**5 + 1/120*l**6 + 0*l. Determine v(-2).
2
Suppose -3*y + 38 + 1 = 0. Let f(n) = -4 - 10*n**2 + y*n**2 + 6*n - n**3 - n. Let h be (4/(-10))/((-5)/50). What is f(h)?
0
Let k(s) = -s + 2. Suppose 21*v - 574 - 2156 = 0. Let a be v/39*(-18)/(-15). What is k(a)?
-2
Let u(o) be the third derivative of 19*o**4/8 + 18*o**3 + 3*o**2 - 950*o + 1. Calculate u(-2).
-6
Let v(d) = -57*d + 6598. Let w be v(116). Let h(u) = -u**2 - 18*u - 51. Give h(w).
5
Let u(r) be the second derivative of r**3/2 + 28*r**2 + 1167*r - 1. Give u(-7).
35
Let c(q) = 15. Let t(l) = -61. Let x(s) = -9*c(s) - 2*t(s). Let f(y) = -y + 26. Let o(h) = 2*f(h) + 5*x(h). What is o(-6)?
-1
Suppose -339*l + 294 + 830 = 107. Let s(f) = -10*f**2 + f - 6. Determine s(l).
-93
Let u(p) = 436*p - 755*p + 368*p - 5. Give u(-1).
-54
Let i(g) be the second derivative of -1/6*g**4 + 6*g + 7/6*g**3 + 0 - 3/2*g**2. Let q be i(4). Let k(y) = y**2 + 9*y - 1. Calculate k(q).
-15
Let z(w) be the first derivative of w**2/2 - 5*w - 7. Let f be 6*((-5)/15 + 1). Suppose -f*b = b. What is z(b)?
-5
Suppose 47*l - 170 = -l + 14*l. Let v(o) = -o**3 + 6*o**2 - 4*o + 1. Calculate v(l).
6
Suppose 119468*c = 119411*c + 30 - 372. Let s(q) = 6 + 3 + q + 2. Give s(c).
5
Let x be 21 + -43 - -23 - -3. Let b(d) be the second derivative of 23*d + 0 + 1/12*d**x + 1/2*d**2 + 1/2*d**3. Calculate b(-3).
1
Suppose -4*q + 2*v - 2 = -0, -q - 5 = -5*v. Let g(f) = -24*f + 7*f - 8 + q*f + 10*f. Calculate g(-4).
20
Let m(n) be the second derivative of n**4/4 - n**3/6 + n**2/2 + n. Let l = 89106 - 89104. Calculate m(l).
11
Let j(i) = -3*i - 5. Let v be j(-5). Let n(f) = -11*f - 737*f**3 - 731*f**3 - 13 - 731*f**3 + 2927*f**3 - 729*f**3 + 11*f**2. Calculate n(v).
-23
Let t(f) = -3*f**2 - 2*f + 3. Let z(g) be the second derivative of -g**4/12 - g**3/6 - 2*g**2 - 84*g. Let k(x) = -t(x) + 2*z(x). What is k(0)?
-11
Let j = 32072 - 32067. Let c(w) = 3*w - 5. Calculate c(j).
10
Let n(f) = 0*f**2 + 2*f**3 - 2 + f**2 - f**3. Let t = 2445 + -1319. Let v = -1128 + t. What is n(v)?
-6
Let b(m) = -m**3 + 10*m**2 - 14*m - 13. Let y be b(8). Let t(x) = -40*x**3 + 83*x**3 - 10*x - 11*x**2 + 4 - 44*x**y. Calculate t(-10).
4
Let b(o) be the third derivative of -o**7/5040 + o**6/240 + 9*o**5/4 + 106*o**2. Let n(t) be the third derivative of b(t). Give n(8).
-5
Let o(x) = -11*x**3 - 2*x**2 - 2*x - 1. Suppose -4*n = n + 125. Let b = n - 35. Let r = b + 59. Give o(r).
10
Let w(z) be the third derivative of -z**6/120 + z**5/60 - z**4/24 - 2*z**3 - z**2 - 22931*z. Let i(g) = g + 4. Let m be i(-4). Determine w(m).
-12
Let j(z) = 8*z**3 + 73*z + 84*z + 5*z**2 - 7*z**3 - 28 - 160*z. Determine j(-4).
0
Suppose 3 = 74*d - 73*d. Suppose d*i + 12 - 21 = 0. Let u(m) = -m**2 + 3*m + 1. Calculate u(i).
1
Let b(t) = -131*t + 14. Let y(k) = -53*k + 8. Let f(u) = -2*b(u) + 5*y(u). What is f(-5)?
27
Let q(o) = o + 41. Let y be q(-23). Let n be 48/(-9)*(y/(-4) - -3). Let x be (((-5)/5)/((-2)/n))/2. Let c(a) = 6*a + 2. Give c(x).
14
Let l(q) = -q**2 + 19*q - 11. Let w be l(18). Suppose 70 = -w*g + 77. Let t(d) = -4*d**3 + 2*d**2 - d. Give t(g).
-3
Suppose 94*y = 273*y + 3401. Let j(x) = -x**3 - 20*x**2 - 18*x + 2. Calculate j(y).
-17
Let i(h) be the second derivative of -h**5/20 - 7*h**4/12 + 2*h**3/3 - 6*h**2 - 772*h. Calculate i(-8).
20
Let r(z) = 2*z - 3*z + 1 - 11*z - 6*z + z. Determine r(-1).
18
Let s(b) = -2*b**2 - 12*b + 16. Let o be s(-7). Let x(z) = -z**2 + 6*z**2 + 4*z - 4*z**o + 2. Let u = -3 + -3. What is x(u)?
14
Let s(n) = 11*n + 14. Let c(m) = -6*m - 7. Let h(y) = -7*c(y) - 4*s(y). Let b(j) = -j**2 - 14*j - 6 + 2*j**2 + j**2 + 0*j**2. Let i be b(7). Give h(i).
5
Let z(h) = h + 3. Let c = -190 - -233. Suppose 0 = -5*n - c + 28. What is z(n)?
0
Let q = -5 - 1. Suppose -13*s + 40 = 7*s. Let i(z) = 3 + 2 + 76*z - 74*z - s. What is i(q)?
-9
Let o(y) be the third derivative of -y**4/2 + y**3/6 - 26*y**2. Let g = -37 + 41. Suppose 7*f - g + 11 = 0. Give o(f).
13
Let u(m) = -2*m**2 - 3*m + 26. Suppose 7116 = -3*c + 7101. Determine u(c).
-9
Let d(g) = -196*g - 192*g + 581*g - 197*g + 3. Let v = -131 + 142. Give d(v).
-41
Let n(q) = -q**3 - q - 1. Let w(d) = 7*d**3 + 6*d + 5. Let f(h) = -6*n(h) - w(h). Let l = -310 + 315. Let t(u) = -2*u**2 + 12*u - 9. Let y be t(l). Give f(y).
0
Let z be 6 - (3 + -5 + 19). Let k(h) = 5*h + 48. Calculate k(z).
-7
Suppose 0 = r - 1, 5*r - 13 = -4*h - 0*h. Let z = -33 - -46. Suppose 0 = h*y - 5 + z. Let c(n) = 4*n + 5. Give c(y).
-11
Let d(q) = q - 38. Let v be 7/4 - 518/296 - -7. Determine d(v).
-31
Suppose 0 = 708*b - 659*b + 245. Let l(g) = -g**2 - 41*g - 184. Give l(b).
-4
Let m(k) = -k - 4. Let y be m(3). Let g = y - -9. Let l(b) = 3*b**2 + 2 + 2*b - b**2 - 3*b**g - 2*b**2. What is l(2)?
-6
Let h(d) = 4*d**2 + d - 2. Let b(j) = -21*j**2 - 4*j + 18. Let q(z) = -b(z) - 5*h(z). Determine q(-9).
82
Let m(g) = -198 + 0*g - 5*g + 218 + 4*g. What is m(2)?
18
Let f(v) be the second derivative of -v**5/20 - 5*v**4/3 + v**3/3 + 21*v**2 - 36*v - 8. What is f(-20)?
2
Suppose -2440 = 82*w - 964. Let s(q) = q**2 + 14*q - 6. Calculate s(w).
66
Let p(v) = -v**3 + 12*v**2 + v - 17. Let h be p(12). Suppose 24 = 5*k + n, 0 = -3*k + 4*n + 13 + 6. Let o(m) = m + m**2 + k - 6 +